 - 1. Let l(y) = 5*y**2 + 11*y + 8. Let n(q) = l(q) + 6*m(q). Let h be n(6). Determine a(h).
5
Suppose j - 4*c + 10 = 0, -9*c + 4*c = -15. Let b(p) = 3 + 0*p**2 + 220*p - 219*p + p**j. Give b(-3).
9
Let k(n) = n**3 - 6*n**2 + 10*n - 13. Suppose 47*i = 51*i - 28. Determine k(i).
106
Suppose 2*v = -0*v. Let u(t) be the second derivative of 1/12*t**4 + 1/2*t**2 + 0 - 98*t + 0*t**3. What is u(v)?
1
Let u(v) = v**2 - 3*v + 3. Let z = -17 - -31. Suppose -29*r = 5*r - 408. Let i = z - r. What is u(i)?
1
Let i(o) = 5*o - 11. Let a(b) = -9*b + 34. Let h(r) = 25*r - 103. Let j(u) = -7*a(u) - 2*h(u). Let q(n) = -8*i(n) + 3*j(n). Give q(-4).
-4
Let o(a) = 10*a - 3. Let x be 5 - (-11)/((-44)/8). Suppose 0 = x*d - 10 + 1. Suppose d*m = -4*g + 7*m - 12, -g + 5*m = 23. Calculate o(g).
17
Let i be 9/15 + 868/20. Let t(k) = -16*k - 11*k + i*k - 16*k. Calculate t(1).
1
Let f(i) = 7846 - 6*i - 15708 + 7863 + i**2. Let j be 4/((-8)/(-6))*1. Let k = 6 - j. Give f(k).
-8
Suppose -13*w - 3*x = -12*w + 5, -4*w - 3*x = 2. Let a(p) be the first derivative of 0*p - w - 1/2*p**2 + 19/3*p**3. What is a(-1)?
20
Let f(y) = -19*y**2 - 6*y + 15. Let l(u) = -31*u**2 - 13*u + 30. Let j(z) = -5*f(z) + 3*l(z). Determine j(4).
11
Suppose -66 = -l + 3*l + z, 3*l - 3*z + 117 = 0. Let j = l + 38. Let r(d) = -d - 1 - d**2 + 0*d**2 + j - 3. What is r(-3)?
-7
Suppose 0 = -5*o - 2*w - 532 - 620, -5*w = -2*o - 484. Let z = -224 - o. Let q(d) = -d + 3. Calculate q(z).
-5
Let t(i) = 7*i + 4. Let l be t(2). Let o(u) = u**2 - 17*u - 13. Let w be o(l). Let r(y) = 4*y - y**2 + w + 3 - 9. Determine r(3).
2
Let d(y) = 24*y + 168. Let q(l) = -2*l**2 - 16*l + 473. Let p be q(12). What is d(p)?
0
Let w(t) = 2*t**2 - 23*t + 13. Let o be w(11). Let f(g) = g + 16 - 32 + 2*g - o*g. Let r = -367 - -379. What is f(r)?
-4
Let b(g) = -2*g**3 + 9*g**2 + 11*g - 31. Let u = 12385 - 12380. What is b(u)?
-1
Let s(g) = -1082 + g**2 + 1090 - 2*g - g + 2*g**2 - 2*g. Give s(2).
10
Let r(t) = -t**3 + 4 - 29*t - 6*t**2 + 11 + 70*t - 2 - 37*t. Give r(-7).
34
Let y(q) = -5*q - 4. Let u(o) = 4*o + 3. Let a(b) = -4*u(b) - 3*y(b). Let p be (-24)/8 - (2 + -7). Determine a(p).
-2
Let t be (-2 + 1 - -6) + 2. Let u(c) be the first derivative of -c**3/3 + 5*c**2/2 + 9*c + 27. Give u(t).
-5
Let q(z) = 146*z**2 - z - 72. Let t(m) = -45*m**2 + m + 24. Let n(v) = -4*q(v) - 13*t(v). What is n(11)?
-2
Let c = 4 - 6. Let p(q) = 944*q**2 + 2*q + 930*q**2 + 932*q**2 + q - 2805*q**2 - 2*q. Determine p(c).
2
Let p(s) = -34*s**2 - 4*s - 42 - 20 + 30 + 35*s**2. What is p(-6)?
28
Suppose -13 = -4*t + 3*t - 3*g, 5*t - 3*g - 11 = 0. Let f(b) = 6*b**2 - 3*b**3 + 150 + 3*b + t*b**3 - 147. Calculate f(-5).
13
Let x(u) = -u**2 + 36*u - 87. Let z be x(32). Suppose 2*t = 3*p + 21, -10*t - 4*p = -5*t - z. Let h(l) = l**2 - 8*l - 3. What is h(t)?
6
Let t = -2 + -17. Let r = -5 - t. Let o(s) = s**3 - 8*s + 11 + 20*s - 8*s**2 - r*s. Determine o(8).
-5
Let g(b) = b**2 - 7*b + 6. Let x = 414 + -414. Suppose 8*c - 73 + 41 = x. Give g(c).
-6
Let a be (-6)/(-7)*2422/(-692). Let i(h) = 2*h**2 + 2*h + 5. Determine i(a).
17
Let j(a) be the third derivative of a**5/20 - 4*a**4/3 + 8*a**3/3 - 8*a**2 - 15*a - 17. Calculate j(10).
-4
Let u(s) = -676*s - 2719. Let k be u(-4). Let p(q) = -2*q**2 - 28*q - 20. Determine p(k).
-50
Suppose l + 3*l - 23 - 1 = 0. Let i(w) = -w**3 + 8*w**2 - 12*w - 3. Calculate i(l).
-3
Let t = 24 - 20. Suppose -t = h + 3*h. Let o(z) = 4*z**3 - 2*z**2 - z + 1. Determine o(h).
-4
Suppose 18 = -24*p + 27*p - 4*w, p + 2*w - 6 = 0. Let l(r) = -r**3 + 4*r**2 + 13*r - 13. Give l(p).
-7
Let a(r) be the third derivative of 8*r**2 + 2/3*r**3 - 1 + 1/8*r**4 + 0*r - 1/60*r**5. What is a(3)?
4
Let l(v) = -v**3 + 26*v**2 - 162*v - 34. Let b be l(11). Let j(s) = -s**2 + s - 1. Determine j(b).
-3
Let p(w) = -5*w**2 + 31*w + 260. Let l(s) = 17*s**2 - 92*s - 776. Let d(n) = 3*l(n) + 10*p(n). Determine d(-21).
-1
Let u(t) = -3*t**3 + 2*t**2 - t. Let v(h) be the second derivative of h**4/12 + 2*h**3/3 + 2*h**2 - 12*h. Let y be v(-4). Suppose y*s - 3 = 1. What is u(s)?
-2
Let d(b) = 11*b + 1. Let s be (1 - 2)*(-209)/11. Suppose -20*v = s + 21. Give d(v).
-21
Suppose -q - 653 = 5*v, -2*v + 4*q - 72 - 176 = 0. Let d = v - -120. Let a(i) = -i**3 - 10*i**2 + i + 13. Give a(d).
3
Suppose 13*m - 67 = 193. Let u(i) = 8*i - m*i + 11*i. What is u(-6)?
6
Let v(l) = -l**3 + 2*l + 1. Let w be (16/(-6) + 2)/((-18)/81). Suppose -o = 5*j + 4 - 2, -w*j - 3*o + 6 = 0. Give v(j).
0
Let j(d) = 7*d**2 + d - 6. Suppose 369 = -11*p - 356 + 747. Calculate j(p).
24
Suppose -4*n = 4*c - 56, -4*n + 5 = -7. Suppose c*z - 28 = -6. Let v be ((2 - z) + 2)/(1 + 0). Let f(w) = -w**2 + 4*w - 2. Give f(v).
2
Suppose -2*j - 16*m + 2 = -14*m, -2*j = -2*m + 10. Let w(u) = -5*u**3 - 7*u**2 - 6*u + 2. Give w(j).
26
Let n(j) = -5*j**2 + j - 27. Let x be ((-3)/2)/((-102)/(-476)). Let w(m) = -6*m**2 + m - 30. Let q(y) = x*n(y) + 6*w(y). Determine q(0).
9
Suppose 4*l = -7 - 9. Let f(v) = -v - 11. Let h(k) = -k - 12. Let i(g) = l*h(g) + 5*f(g). Suppose -52*d + 51*d = 5. Calculate i(d).
-2
Let p(d) be the second derivative of -d**5/20 + 3*d**4/2 + 47*d**3/6 - 133*d**2/2 - 412*d + 6. Determine p(20).
7
Let o(u) = -2*u**2 - 4*u + 50. Suppose -61 = 10*z - 1. What is o(z)?
2
Let i(q) = 7*q - 1. Suppose -6*p + 4 = 16. Let c(u) = -5*u + 1. Let m(t) = p*i(t) - 3*c(t). Give m(-4).
-5
Let h = -133 + 129. Let v(b) be the second derivative of -b**5/60 + b**3/2 - 3*b**2 - 5*b. Let r(i) be the first derivative of v(i). What is r(h)?
-13
Let b = -71 + 118. Let d(k) = 96 - 49 + 2*k**2 - 6*k - b. Give d(4).
8
Let o(x) = x**2 + x - 34. Let v = -3909 + 3909. Give o(v).
-34
Let p(k) = -3*k**3 - 13*k**2 + 35*k + 20. Let b(c) = 16*c**3 + 63*c**2 - 173*c - 100. Let o(n) = -2*b(n) - 11*p(n). Give o(-19).
-1
Let m(q) = -2*q**2 + 40*q - 2. Let u be m(19). Let y(l) = -u*l**3 + 6*l**2 + 37*l**3 - 8*l + 23 - 27. Determine y(-7).
3
Let w(o) = 7*o + o**3 - 6 + 4 + 3 - 3 + 9*o**2 - 5. Suppose 2 = -2*f - 0. Let y(i) = -9*i**2 - 2*i - 1. Let s be y(f). Calculate w(s).
1
Let h(f) = -f + f**3 - 3 - 28*f**2 - 3*f + 29*f**2. Let w = 5014 + -5017. Calculate h(w).
-9
Let i(m) be the second derivative of m**3/3 - 3*m**2 - 39*m. Let v be i(1). Let n(a) = -3*a - 5 - 7 + 8 + 0*a. What is n(v)?
8
Let u(z) = z**2 + z. Let n be u(1). Let g(y) = -4*y - 5 - 4*y + 5*y + n*y - y**3. What is g(0)?
-5
Let h be 1*(-9 - -10)*-22. Let o(q) = q**3 + 21*q**2 - 23*q - 28. What is o(h)?
-6
Let i(v) = v**2 + v - 15. Let y be i(-6). Suppose 3*k + 3*u = -0*u + y, -22 = -5*k - 4*u. Let f(j) = 0*j + 2 + 11*j**2 - j - 17*j**2 + 8*j**2. Give f(k).
8
Suppose -5*a + 30*v - 25*v - 15 = 0, 5*a + 5*v = -35. Let l(c) = -7*c**2 + 2*c + 2. Let n(k) = k**2 - 1. Let y(f) = a*n(f) - l(f). Calculate y(4).
27
Let p(o) = -4*o + 3. Let s(y) = 5*y - 4. Let b(f) = -4*p(f) - 3*s(f). Let l be (-144)/(-63) - 1/(-7)*-2. Suppose -19 = l*n - 3*q, 0*q + q = 1. Calculate b(n).
-8
Let f(r) = -2*r**3 + 223*r**2 - 756*r - 7. Let n be f(108). Let h(t) = -2*t**3 - 15*t**2 - 3*t + 13. Determine h(n).
-15
Let u(i) = -23 - 19*i + 7 - 2*i + 31*i + 3*i**2. What is u(-5)?
9
Let i(x) = -2*x**3 + 2*x**2 - 3*x + 3. Let j = 12 - 8. Let n be j/(-6) - 32/(-12). Calculate i(n).
-11
Let x(i) = i**3 - 2*i**2 - 18*i + 7. Let u(o) = -145*o + 9720. Let v be u(67). Determine x(v).
-8
Let z(r) = -r - 1. Suppose 6*w + 15 = 9*w, 4*w + 160 = 4*g. Let u be (18/g)/((-77)/(-25) + -3). Give z(u).
-6
Let z = -4 - 1. Let h(x) = 157*x - 446*x + 146*x + 11 + 145*x - 3. Determine h(z).
-2
Let h(b) = -b**2 + b - 4. Suppose -1107 = 3*c + 5*p, 0 = c + p + 456 - 87. Let k = -366 - c. Calculate h(k).
-10
Let w(z) be the third derivative of z**6/120 + z**5/30 + z**4/12 - z**3/6 + 2*z**2 + 1104. Calculate w(-2).
-5
Let a(s) = 79*s**3 + s**2 - 2*s - 2. Suppose -85*j = 6*i - 90*j - 39, -27 = 3*j. Give a(i).
-78
Suppose 5*h + 51 + 14 = 0. Let d(g) = 3*g - 5. Let y(k) = 2*k. Let t(r) = -d(r) - 2*y(r). Let q(m) = -15*m + 10. Let l(a) = h*t(a) + 6*q(a). Give l(-5).
-10
Let h = 1298 - 1308. Suppose 3*b = 3*o - 15, -2*b + 33 = 5*o + b. Let i(z) = -10*z**2 - o - z**3 + 3*z**3 - 3*z**3. Calculate i(h).
-6
Let k = -51423/4 - -12856. Let d(x) be the second derivative of x**2 + 1/3*x**3 - 1/20*x**5 + k*x**4 + 0 + 31*x. Give d(3).
8
Let p(a) = -3